{"id":181,"date":"2010-10-01T09:53:56","date_gmt":"2010-10-01T11:53:56","guid":{"rendered":"http:\/\/www.zunz.si\/?page_id=181"},"modified":"2023-04-18T12:36:42","modified_gmt":"2023-04-18T14:36:42","slug":"osnovni-podatki","status":"publish","type":"page","link":"https:\/\/www.zunz.si\/?page_id=181","title":{"rendered":"Osnovni podatki"},"content":{"rendered":"<h2>Osnovni podatki<\/h2>\n<p>Zdru\u017eenje upravnih delavcev Slovenije (ZUDS)*<\/p>\n<p>Mati\u010dna \u0161tevilka: 1212087<br \/>\nDav\u010dna \u0161tevilka: 52581209 (nismo zavezanci za DDV)<br \/>\n\u0160tevilka TRR: SI56 02038-0089735719 (odprt pri NLB, d. d.)<\/p>\n<p>* Zdru\u017eenje strokovnih delavcev upravnih notranjih zadev se je na ob\u010dnem zboru zdru\u017eenja, dne 3. decembra 2010, preimenovalo v Zdru\u017eenje upravnih delavcev Slovenije (ZDUS)<\/p>\n<p>Dru\u0161tvo ima od maja 2019 status nevladne organizacije, ki deluje v javnem interesu (<a href=\"http:\/\/www.zunz.si\/wp-content\/uploads\/2019\/05\/ZUDS_NVO_JI.pdf\">Odlo\u010dba NOJI<\/a>).<\/p>\n<h2>Kontakt<\/h2>\n<p>Kontaktirate nas lahko preko elektronske po\u0161te <a href=\"mailto:info@zunz.si\" target=\"_blank\" rel=\"noopener noreferrer\">info@zunz.si<\/a>.<\/p>\n<p>\u010clani organov zdru\u017eenja so prav tako dosegljivi preko elektronske po\u0161te, za naslove, prosimo, preglejte stran &#8216;<a href=\"http:\/\/www.zunz.si\/?page_id=183\" target=\"_self\" rel=\"noopener noreferrer\">Vodstvo<\/a>&#8216;. Elektronske naslove sekcij oziroma predsednikov sekcij zdru\u017eenja najdete pod zavihkom &#8216;<a href=\"http:\/\/www.zunz.si\/?page_id=164\" target=\"_self\" rel=\"noopener noreferrer\">Sekcije<\/a>&#8216;.<\/p>\n<h2>Celostna grafi\u010dna podoba<\/h2>\n<p><a href=\"http:\/\/www.zunz.si\/wp-content\/uploads\/2010\/10\/logo_bitni-e1288780890736.jpg\" rel=\"lightbox[181]\"><img decoding=\"async\" loading=\"lazy\" class=\"alignnone wp-image-378 size-thumbnail\" title=\"Logotip\" src=\"http:\/\/www.zunz.si\/wp-content\/uploads\/2010\/10\/logo_bitni-100x100.jpg\" alt=\"\" width=\"100\" height=\"100\" \/><\/a><\/p>\n<p><a href=\"http:\/\/www.zunz.si\/wp-content\/uploads\/2010\/10\/dopisni-list-zuds.doc\">Dopisni list<\/a><\/p>\n<p>\u010ce \u017eelite prenesti datoteko, prosimo, desno kliknite na datoteko ter izberite Shrani povezavo kot (Save target as).<\/p>\n","protected":false},"excerpt":{"rendered":"<p>Osnovni podatki Zdru\u017eenje upravnih delavcev Slovenije (ZUDS)* Mati\u010dna \u0161tevilka: 1212087 Dav\u010dna \u0161tevilka: 52581209 (nismo zavezanci za DDV) \u0160tevilka TRR: SI56 02038-0089735719 (odprt pri NLB, d. d.) * Zdru\u017eenje strokovnih delavcev upravnih notranjih zadev se je na ob\u010dnem zboru zdru\u017eenja, dne 3. decembra 2010, preimenovalo v Zdru\u017eenje upravnih delavcev Slovenije (ZDUS) Dru\u0161tvo ima od maja 2019 [&hellip;]<\/p>\n","protected":false},"author":1,"featured_media":0,"parent":159,"menu_order":1,"comment_status":"closed","ping_status":"closed","template":"","meta":[],"_links":{"self":[{"href":"https:\/\/www.zunz.si\/index.php?rest_route=\/wp\/v2\/pages\/181"}],"collection":[{"href":"https:\/\/www.zunz.si\/index.php?rest_route=\/wp\/v2\/pages"}],"about":[{"href":"https:\/\/www.zunz.si\/index.php?rest_route=\/wp\/v2\/types\/page"}],"author":[{"embeddable":true,"href":"https:\/\/www.zunz.si\/index.php?rest_route=\/wp\/v2\/users\/1"}],"replies":[{"embeddable":true,"href":"https:\/\/www.zunz.si\/index.php?rest_route=%2Fwp%2Fv2%2Fcomments&post=181"}],"version-history":[{"count":25,"href":"https:\/\/www.zunz.si\/index.php?rest_route=\/wp\/v2\/pages\/181\/revisions"}],"predecessor-version":[{"id":2022,"href":"https:\/\/www.zunz.si\/index.php?rest_route=\/wp\/v2\/pages\/181\/revisions\/2022"}],"up":[{"embeddable":true,"href":"https:\/\/www.zunz.si\/index.php?rest_route=\/wp\/v2\/pages\/159"}],"wp:attachment":[{"href":"https:\/\/www.zunz.si\/index.php?rest_route=%2Fwp%2Fv2%2Fmedia&parent=181"}],"curies":[{"name":"wp","href":"https:\/\/api.w.org\/{rel}","templated":true}]}}